52 is divided by 53.
44
Calculate the remainder when 534 is divided by 152.
78
Calculate the remainder when 15877 is divided by 50.
27
Calculate the remainder when 2738 is divided by 137.
135
Calculate the remainder when 21494 is divided by 130.
44
Calculate the remainder when 45389 is divided by 22671.
47
Calculate the remainder when 288288 is divided by 190.
58
Calculate the remainder when 6931 is divided by 6926.
5
Calculate the remainder when 1082054 is divided by 360684.
2
Calculate the remainder when 77252 is divided by 105.
77
What is the remainder when 2405 is divided by 1059?
287
Calculate the remainder when 11104 is divided by 3689.
37
Calculate the remainder when 10982 is divided by 5477.
28
What is the remainder when 344480 is divided by 16?
0
What is the remainder when 174911 is divided by 101?
80
What is the remainder when 114005 is divided by 89?
85
What is the remainder when 6766 is divided by 1650?
166
What is the remainder when 4045 is divided by 668?
37
Calculate the remainder when 92236 is divided by 366.
4
Calculate the remainder when 4891 is divided by 443.
18
Calculate the remainder when 383 is divided by 78.
71
What is the remainder when 681436 is divided by 31?
25
What is the remainder when 1136 is divided by 128?
112
Calculate the remainder when 24450 is divided by 192.
66
What is the remainder when 94738 is divided by 400?
338
What is the remainder when 42810 is divided by 45?
15
Calculate the remainder when 59800 is divided by 729.
22
Calculate the remainder when 1114048 is divided by 70.
68
What is the remainder when 2729 is divided by 534?
59
Calculate the remainder when 3502 is divided by 31.
30
Calculate the remainder when 2298 is divided by 302.
184
Calculate the remainder when 578 is divided by 194.
190
Calculate the remainder when 1472588 is divided by 103.
100
Calculate the remainder when 1665 is divided by 611.
443
What is the remainder when 4945 is divided by 674?
227
Calculate the remainder when 322 is divided by 219.
103
What is the remainder when 42785 is divided by 857?
792
Calculate the remainder when 9903 is divided by 208.
127
What is the remainder when 11072 is divided by 89?
36
Calculate the remainder when 3219 is divided by 3135.
84
Calculate the remainder when 11607 is divided by 341.
13
What is the remainder when 397196 is divided by 287?
275
Calculate the remainder when 943 is divided by 402.
139
What is the remainder when 20984 is divided by 6961?
101
Calculate the remainder when 1464 is divided by 299.
268
What is the remainder when 58809 is divided by 999?
867
Calculate the remainder when 30238 is divided by 136.
46
Calculate the remainder when 60769 is divided by 262.
247
Calculate the remainder when 3018044 is divided by 24.
20
Calculate the remainder when 239501 is divided by 2348.
5
Calculate the remainder when 202833 is divided by 3622.
1
Calculate the remainder when 64338 is divided by 310.
168
Calculate the remainder when 30015 is divided by 1577.
52
Calculate the remainder when 10120 is divided by 5030.
60
Calculate the remainder when 11096 is divided by 924.
8
What is the remainder when 6237 is divided by 2072?
21
What is the remainder when 1415 is divided by 1092?
323
Calculate the remainder when 8910 is divided by 411.
279
What is the remainder when 140776 is divided by 7?
6
Calculate the remainder when 12287 is divided by 317.
241
What is the remainder when 7116 is divided by 113?
110
Calculate the remainder when 606126 is divided by 36.
30
What is the remainder when 6211 is divided by 22?
7
What is the remainder when 8645 is divided by 1020?
485
Calculate the remainder when 5191 is divided by 19.
4
What is the remainder when 31147 is divided by 147?
130
Calculate the remainder when 20838 is divided by 13.
12
Calculate the remainder when 605 is divided by 348.
257
What is the remainder when 93149 is divided by 19?
11
Calculate the remainder when 804 is divided by 175.
104
What is the remainder when 1000 is divided by 498?
4
What is the remainder when 3523 is divided by 9?
4
What is the remainder when 5237 is divided by 421?
185
What is the remainder when 14972 is divided by 23?
22
What is the remainder when 106733 is divided by 294?
11
Calculate the remainder when 27753 is divided by 2.
1
Calculate the remainder when 13918 is divided by 1964.
170
Calculate the remainder when 176914 is divided by 11.
1
Calculate the remainder when 73818 is divided by 12297.
36
Calculate the remainder when 1589319 is divided by 451.
446
Calculate the remainder when 1609 is divided by 31.
28
Calculate the remainder when 6109 is divided by 137.
81
What is the remainder when 6272 is divided by 335?
242
What is the remainder when 1257 is divided by 70?
67
Calculate the remainder when 51295 is divided by 190.
185
What is the remainder when 2063734 is divided by 70?
64
Calculate the remainder when 964043 is divided by 732.
731
Calculate the remainder when 1229 is divided by 41.
40
What is the remainder when 147648 is divided by 117?
111
Calculate the remainder when 7164 is divided by 313.
278
Calculate the remainder when 1172 is divided by 277.
64
Calculate the remainder when 1614 is divided by 117.
93
Calculate the remainder when 51343 is divided by 183.
103
What is the remainder when 1126933 is divided by 1032?
1021
Calculate the remainder when 119699 is divided by 237.
14
Calculate the remainder when 14767 is divided by 868.
11
Calculate the remainder when 4006 is divided by 3999.
7
What is the remainder when 20632 is divided by 152?
112
What is the remainder when 19532 is divided by 3186?
416
Calculate the remainder when 163 is divided by 80.
3
Calculate the remainder when 3093 is divided by 22.
13
Calculate the remainder when 3996 is divided by 522.
342
Calculate the remainder when 481 is divided by 468.
13
What is the remainder when 1182 is divided by 911?
271
What is the remainder when 2804 is divided by 62?
14
What is the remainder when 57743 is divided by 214?
177
What is the remainder when 26096 is divided by 90?
86
What is the remainder when 35549 is divided by 1555?
1339
Calculate the remainder when 3647 is divided by 294.
119
Calculate the remainder when 262330 is divided by 36.
34
Calculate the remainder when 1051 is divided by 280.
211
What is the remainder when 7258 is divided by 53?
50
What is the remainder when 445 is divided by 16?
13
What is the remainder when 1047 is divided by 130?
7
Calculate the remainder when 24035 is divided by 135.
5
Calculate the remainder when 5142 is divided by 52.
46
What is the remainder when 4608 is divided by 914?
38
What is the remainder when 14887 is divided by 392?
383
Calculate the remainder when 6300 is divided by 237.
138
What is the remainder when 16884 is divided by 1022?
532
What is the remainder when 26716 is divided by 20?
16
Calculate the remainder when 3474719 is divided by 1143.
1142
Calculate the remainder when 158998 is divided by 151.
146
Calculate the remainder when 745 is divided by 41.
7
What is the remainder when 17828 is divided by 5937?
17
What is the remainder when 62310 is divided by 16?
6
What is the remainder when 2375 is divided by 588?
23
What is the remainder when 426195 is divided by 116?
11
What is the remainder when 20562 is divided by 3425?
12
Calculate the remainder when 79230 is divided by 8.
6
Calculate the remainder when 4041 is divided by 72.
9
What is the remainder when 139305 is divided by 246?
69
What is the remainder when 10287 is divided by 429?
420
What is the remainder when 3950 is divided by 208?
206
Calculate the remainder when 41990 is divided by 750.
740
What is the remainder when 40106 is divided by 48?
26
What is the remainder when 966 is divided by 27?
21
What is the remainder when 38660 is divided by 529?
43
What is the remainder when 114866 is divided by 188?
186
What is the remainder when 428707 is divided by 61?
60
Calculate the remainder when 74236 is divided by 187.
184
Calculate the remainder when 382044 is divided by 135.
129
What is the remainder when 11699 is divided by 1103?
669
What is the remainder when 3545 is divided by 53?
47
Calculate the remainder when 5029 is divided by 717.
10
Calculate the remainder when 23587 is divided by 63.
25
Calculate the remainder when 1122 is divided 